s of d?
3
Suppose -2*b + 6 = -2*w + 2, 7 = 2*b + w. Suppose -3*i + b = -3. List the prime factors of i.
2
Suppose 7*y + 5 = 2*y. Let u(c) = 24*c**2. List the prime factors of u(y).
2, 3
Let k(o) = -o + 15. Let n be k(11). Suppose 2*t - 2*i - 43 = -t, 3*t + n*i - 67 = 0. What are the prime factors of t?
17
Let x(u) = -u**3 + 8*u**2 - 9*u. What are the prime factors of x(6)?
2, 3
Suppose 0*n = -y - 4*n + 129, -n = -2*y + 258. List the prime factors of y.
3, 43
Suppose 2*g = -3*g - 4*m + 19, 5*g + 3*m - 23 = 0. Suppose q - g - 1 = 0. List the prime factors of q + (-1 + 3)*1.
2, 5
Suppose 5 = 4*y + y. Suppose 2*t = 3*t + y. List the prime factors of (13 + t)*(-4)/(-6).
2
Let n = -36 + 10. Let c = n - -39. What are the prime factors of c?
13
Let q = -144 + 138. Suppose 2 = -5*u - 8. List the prime factors of (q - u)*2/(-4).
2
Let n(q) = -q**3 + 4*q**2 + 5*q + 3. Let c be n(5). Suppose c*o = -5*r + 37, o = 3*r - 9 - 2. What are the prime factors of r?
5
Let s = 0 + 3. Suppose 4*c + 69 + s = 0. Let o = 41 + c. List the prime factors of o.
23
Suppose 5 + 15 = 4*g. Suppose 8*z - 3*z = g*f - 265, -3*z = 9. What are the prime factors of f?
2, 5
Let o(v) = 3*v. Let c = 4 - 3. Let l be o(c). Suppose -l - 30 = -3*q. What are the prime factors of q?
11
Let q = -6 + 13. Let n = q - 4. What are the prime factors of n?
3
Suppose 0 = 3*t + 2*l + 2258, l = 3*l - 10. List the prime factors of 4/(-22) + t/(-44).
17
Let s be (-49)/(-4) + 1/(-4). Let g = -9 - -12. Suppose 0 = g*o + o - s. What are the prime factors of o?
3
Suppose 0 = 6*b - 2*b - 8. Suppose -4*v = -b - 6. List the prime factors of v.
2
Let i(o) = -5*o + 4. What are the prime factors of i(-5)?
29
Suppose 2*j + j + 4*f + 35 = 0, -8 = 4*f. Let o = j - -34. Suppose 0 = -3*x + o + 8. List the prime factors of x.
11
Suppose -1 + 7 = 3*x. Suppose 4*k - 8 = 4*m, m + 6 = k + x*m. List the prime factors of k.
2
Let x = 112 + 186. What are the prime factors of x?
2, 149
Let z(p) be the first derivative of -p**2/2 + 6*p + 2. What are the prime factors of z(0)?
2, 3
Let i = -23 + -13. Let v = i - -51. Suppose v = 6*y - y. List the prime factors of y.
3
Let k(d) = 3*d**2 - d - 3. Let v be k(2). Suppose -5*t = -2*t - 84. Suppose 3*f = v*f - t. List the prime factors of f.
7
Suppose 4*l - 4 - 16 = 0. Suppose 3 = -l*s + 8. What are the prime factors of (-22)/(-1)*s/2?
11
Let f(m) be the second derivative of -m**6/360 - 11*m**5/120 - m**4/6 + m**3/6 - m. Let b(o) be the second derivative of f(o). List the prime factors of b(-8).
2, 5
Suppose 4*b = 2*n - 12, 4*n - b + 6 - 30 = 0. List the prime factors of n.
2, 3
Suppose 5*v + 31 = 6. Let r(c) = 2*c**2 + 7*c - 2. List the prime factors of r(v).
13
Let s be (-40)/6*(-36)/15. Let g be 5/((3/(-2))/(-3)). Let y = s - g. What are the prime factors of y?
2, 3
Let s(a) = a**2 + 8*a - 8. List the prime factors of s(-10).
2, 3
Let b(k) be the second derivative of 7*k**5/20 - k**4/12 + 4*k. List the prime factors of b(1).
2, 3
Let p(q) = -q + 1. Let z(x) = 3*x - 3. Let j(a) = -4*p(a) - 2*z(a). List the prime factors of j(-16).
2, 17
Let o = -371 + 535. What are the prime factors of o?
2, 41
Let m = 33 - -32. What are the prime factors of m?
5, 13
Let y(w) = -w + 2. Let c be y(10). What are the prime factors of c*-2*(-5)/(-2)?
2, 5
Let a = -6 - -13. What are the prime factors of a?
7
Let o(u) be the first derivative of -2 - 1/2*u**4 + u + 3/2*u**2 + 0*u**3. List the prime factors of o(-2).
11
Let t = 7 + -2. Suppose 4*f = -0*w - t*w - 7, -3*f - 5*w = 9. Suppose f*g + j - 16 = 0, -2*g + g - 3*j = -8. What are the prime factors of g?
2
Let x be 2/8 + (-203)/(-4). Suppose 3*u + 2*p = x, -3*u + 13 + 35 = 3*p. List the prime factors of u.
19
Let d(o) = -o**3 + 7*o**2 + 8*o + 1. Let n be d(8). Suppose 0 = -2*g + n + 1. Let h(t) = 5*t + 1. What are the prime factors of h(g)?
2, 3
Let m be 2/(-4)*1/((-4)/296). Let t = 57 - 39. Let s = m - t. What are the prime factors of s?
19
Suppose -g = -6 + 5, -5*m - 2*g + 667 = 0. List the prime factors of m.
7, 19
Let f(c) = c**2 - 2*c + 22. What are the prime factors of f(0)?
2, 11
What are the prime factors of (-1 + -5 - 343)/(-1)?
349
Let b = 0 + 2. Let k(p) = p - 2. Let u be k(6). Suppose -u*f - b = -18. What are the prime factors of f?
2
Let s(w) = 9*w - 6. Let m be (11 - 8)/((-3)/(-4)). List the prime factors of s(m).
2, 3, 5
Let b(f) = -f**2 + 9*f + 4. Let t be b(6). Suppose -z + 5 = 0, -2*s + t = -z + 3. What are the prime factors of s?
2, 3
Let b = 1 + 1. Suppose o - 5 = b*q, -o + 4*o - 5*q = 18. What are the prime factors of o?
11
Let u = -141 + 222. List the prime factors of u.
3
Suppose -5*u + 2 = 7, 0 = -5*b - 4*u + 11. Suppose -4*h = -5*k + 119, 0*k + b*h + 72 = 3*k. List the prime factors of k.
23
Suppose -1 = -4*g + 19. Suppose 2*r - 28 = 2*k - k, -28 = -2*r - g*k. Let q = -9 + r. What are the prime factors of q?
5
Let l = 7 + -16. Let c be 2/l + 188/36. Suppose 20 = c*w - f, -2*w = w - 4*f - 29. List the prime factors of w.
3
Suppose -4*p + 7*p - 24 = 0. What are the prime factors of p?
2
Suppose 225 = 17*m - 12*m. What are the prime factors of m?
3, 5
What are the prime factors of (1 - -3)/(-4) + 20?
19
Let q = 14 - 9. Suppose -15 = q*h + 5*g, 0 = -4*h - 3*g + g - 8. List the prime factors of 2/(-4)*(-5 + h).
3
Let c = 184 - 72. What are the prime factors of c?
2, 7
Let g = 76 - 48. List the prime factors of g.
2, 7
Suppose 0 = 2*l + 2*o - 196, 2*l - 2*o - 208 = -0*l. Suppose 5*q - l = -1. List the prime factors of 1/(2/q) + -1.
3
Let a be 84/9 - (-1)/(-3). Let n be (a/(-2))/(5/(-10)). Suppose 3*x - 9 = 0, -x = b - n + 1. List the prime factors of b.
5
Suppose -5*y = -0*y - 5, n = 2*y + 16. Suppose -k - 5*p = n, 3 - 21 = -3*k + 3*p. Suppose -k*b = h + 2*b + 6, -3*h + 2*b = -38. List the prime factors of h.
2, 5
Suppose -q + 3*g = 0, -2*q + 5*g = q. Suppose 4 = j - q. What are the prime factors of j?
2
Suppose -2*b + o + 0*o + 8 = 0, -4 = -4*b - o. Suppose -4*a - 2*u - b = 3*u, -a + 8 = -3*u. What are the prime factors of a?
2
Let u = -44 + 83. Let y = u - 66. Let l = y + 47. List the prime factors of l.
2, 5
Let f be (1 + (-4)/(-6))*-3. Let r(o) = -5*o - 7. What are the prime factors of r(f)?
2, 3
Let y(k) = 2*k**3 - 3*k**2 + 2*k - 1. Let o be y(2). Let c = 19 - o. List the prime factors of c.
2, 3
Let v be -1 - (-1 + 0) - -2. Suppose 0 = v*d - 6. List the prime factors of (6/d)/(4/14).
7
Let x = 850 - 440. What are the prime factors of x?
2, 5, 41
Let z(i) = 3*i**2 + 2*i + 6. Let m be z(-3). Let s = m - -1. What are the prime factors of s?
2, 7
Let z = -4 - -6. Let m = z - -4. List the prime factors of 1*m - 0/(-4).
2, 3
Let q = -46 + 184. What are the prime factors of q?
2, 3, 23
Let h(n) = -2*n**2 - 2*n - 1. Let w be h(-1). Let x = w - -5. Suppose t = 3*p - 14, x*p + 5*t - 3 - 22 = 0. What are the prime factors of p?
5
Suppose 0 = 2*n + 4*a + 48, -3*a - 85 = 2*n + 3*n. Let w = 20 + n. List the prime factors of 4 + w/3 - 1.
5
Suppose 116 = 5*p - 14. List the prime factors of p.
2, 13
Suppose 5*z = -3*g - 39, 5*g + 3*z - 7*z = -28. Let n = -3 - g. Suppose -n = -i - 0*i. List the prime factors of i.
5
Let m(l) = l**3 + 15*l**2 + l + 10. Let d be m(-15). Suppose n - 2*g + 1 + 3 = 0, 40 = -3*n - g. Let t = d - n. What are the prime factors of t?
7
Suppose 2*a - 8 = a. Suppose -a = -k - 2. Let t = k - -4. List the prime factors of t.
2, 5
Suppose i + 3*v = 3*i - 77, 0 = -2*i - 2*v + 92. Let c(z) = z**2 + 11*z + 6. Let j be c(-7). Let o = j + i. What are the prime factors of o?
3, 7
Let h be (9/(-6))/((-1)/4). Let u(z) be the second derivative of z**4/12 - 5*z**3/6 + 3*z**2/2 - 13*z. What are the prime factors of u(h)?
3
Suppose -3*d + 3*t = 9, 4*t + 6 = -5*d + 36. List the prime factors of (-114)/(-9) + d/(-3).
2, 3
Let x = 21 + -1. Suppose -x = 5*z, -5*l - 8 + 20 = -3*z. Suppose l = i - 4*t + 12, 6*i + t = 7*i. What are the prime factors of i?
2
Suppose 4*c - 2*c - 70 = 0. Suppose -3*h = -2*y + 26, -y = -5*y - h + 24. Suppose -y*d + c = -2*d. List the prime factors of d.
7
Let g(z) = 54*z. Let f be g(2). List the prime factors of (-79)/(-9) + 24/f.
3
Let g(o) = o + 12. Let n be g(-9). Let j(s) be the second derivative of s**4/6 - 5*s**3/6 + 3*s**2/2 - s. What are the prime factors of j(n)?
2, 3
Let b = 101 + -69. Let f = b + -1